53621 a multiple of 120?
False
Does 16 divide 296975?
False
Is 272 a factor of 413832?
False
Is 136 a factor of 625464?
True
Is 170899 a multiple of 10?
False
Is 100111 a multiple of 11?
True
Is 20 a factor of 487612?
False
Does 107 divide 33648?
False
Does 12 divide 698748?
True
Does 996 divide 4281871?
False
Is 213 a factor of 64326?
True
Does 532 divide 530393?
False
Is 48 a factor of 2904968?
False
Is 550352 a multiple of 59?
True
Is 35 a factor of 1763195?
True
Is 1778183 a multiple of 17?
True
Does 157 divide 174270?
True
Does 28 divide 2309556?
False
Is 160 a factor of 14400?
True
Is 77072 a multiple of 4?
True
Is 395 a factor of 1934324?
False
Does 20 divide 3359?
False
Does 8 divide 317744?
True
Is 19 a factor of 318999?
False
Is 583 a factor of 341837?
False
Does 711 divide 130025?
False
Is 14780 a multiple of 194?
False
Is 7 a factor of 889085?
False
Is 5239125 a multiple of 139?
False
Is 142 a factor of 90821?
False
Is 913728 a multiple of 16?
True
Does 191 divide 29182?
False
Does 10 divide 63731?
False
Is 39 a factor of 57135?
True
Is 20 a factor of 95440?
True
Is 25636 a multiple of 34?
True
Is 1503495 a multiple of 68?
False
Does 229 divide 76486?
True
Does 132 divide 1725454?
False
Is 2048693 a multiple of 1016?
False
Is 52 a factor of 17506008?
True
Does 157 divide 245863?
False
Is 14 a factor of 1170652?
True
Does 445 divide 352820?
False
Does 687 divide 1454379?
True
Does 175 divide 376295?
False
Does 18 divide 42633?
False
Does 21 divide 279979?
False
Does 13 divide 7477140?
False
Is 1920 a factor of 1506644?
False
Is 8 a factor of 1754904?
True
Does 219 divide 1057113?
True
Is 52 a factor of 301115?
False
Is 156 a factor of 2231200?
False
Is 132 a factor of 5183640?
True
Is 1068473 a multiple of 15?
False
Is 70720 a multiple of 26?
True
Does 14 divide 18148284?
True
Does 937 divide 302343?
False
Is 134 a factor of 69412?
True
Does 13 divide 9366658?
False
Does 126 divide 2530962?
True
Is 25 a factor of 2480675?
True
Is 766474 a multiple of 314?
True
Is 95880 a multiple of 235?
True
Is 5807545 a multiple of 5?
True
Is 1680440 a multiple of 60?
False
Is 148422 even?
True
Does 22 divide 4258402?
False
Is 210 a factor of 116336?
False
Is 314743 a multiple of 17?
False
Is 88 a factor of 891825?
False
Does 34 divide 142256?
True
Is 847894 a multiple of 13?
False
Is 296 a factor of 64824?
True
Does 430 divide 403638?
False
Does 25 divide 2230028?
False
Is 73 a factor of 8020?
False
Is 63903 a multiple of 564?
False
Is 1599701 a multiple of 198?
False
Does 52 divide 9690?
False
Is 40 a factor of 4320?
True
Is 12 a factor of 225552?
True
Does 8 divide 697120?
True
Is 2065083 a multiple of 6?
False
Does 172 divide 522708?
True
Does 487 divide 296919?
False
Is 2888456 a multiple of 31?
True
Does 310 divide 6341599?
False
Is 7993653 a multiple of 41?
False
Is 23 a factor of 116863?
True
Is 4408015 a multiple of 4?
False
Is 176525 a multiple of 214?
False
Is 136248 a multiple of 84?
True
Is 103 a factor of 71173?
True
Is 2335402 a multiple of 10?
False
Is 3002105 a multiple of 5?
True
Is 4 a factor of 833784?
True
Is 2 a factor of 67709?
False
Is 3516 a multiple of 90?
False
Is 473 a factor of 253736?
False
Does 50 divide 380900?
True
Is 334548 a multiple of 117?
False
Does 326 divide 3665032?
False
Does 247 divide 912418?
True
Does 144 divide 1124928?
True
Does 4 divide 41956?
True
Is 7514315 a multiple of 232?
False
Is 159 a factor of 4589451?
False
Is 450234 a multiple of 145?
False
Is 342 a factor of 83448?
True
Is 26 a factor of 1229306?
True
Is 303764 a multiple of 106?
False
Is 388563 a multiple of 14?
False
Is 13 a factor of 940485?
True
Is 1435985 a multiple of 215?
True
Is 2181126 a multiple of 339?
True
Is 2 a factor of 104639?
False
Is 50 a factor of 3038313?
False
Does 55 divide 5192880?
True
Is 4 a factor of 5920747?
False
Does 446 divide 2628278?
True
Is 122235 a multiple of 15?
True
Does 11 divide 7547144?
True
Is 60 a factor of 918381?
False
Does 1095 divide 929205?
False
Does 12 divide 2202060?
True
Is 1910091 a multiple of 34?
False
Is 15 a factor of 22930545?
True
Is 15 a factor of 35587650?
True
Is 326591 a multiple of 86?
False
Is 231686 a multiple of 19?
True
Is 252074 a multiple of 79?
False
Does 82 divide 594090?
True
Is 36 a factor of 98676?
True
Does 189 divide 419013?
True
Is 360 a factor of 2687040?
True
Is 20 a factor of 260432?
False
Does 527 divide 224502?
True
Is 28638 a multiple of 21?
False
Is 20 a factor of 30979?
False
Does 542 divide 6195602?
True
Is 111 a factor of 632478?
True
Does 894 divide 286758?
False
Does 350 divide 1019010?
False
Is 4199755 a multiple of 90?
False
Is 7 a factor of 69799?
False
Is 38 a factor of 3885082?
True
Is 706 a factor of 49420?
True
Is 1159595 a multiple of 18?
False
Is 4588010 a multiple of 10?
True
Is 2118151 a multiple of 56?
False
Is 37 a factor of 100455?
True
Does 36 divide 61020?
True
Is 6352513 a multiple of 959?
False
Is 488615 a multiple of 2?
False
Is 82 a factor of 288312?
True
Is 3802228 a multiple of 10?
False
Is 925824 a multiple of 6?
True
Is 2092666 a multiple of 34?
True
Does 14 divide 17864226?
False
Is 1554066 a multiple of 181?
True
Is 1689898 a multiple of 14?
True
Does 21 divide 3842601?
True
Is 969 a factor of 2662812?
True
Is 4079068 a multiple of 7?
True
Is 543 a factor of 1132155?
True
Does 40 divide 49640?
True
Does 428 divide 68127?
False
Is 75 a factor of 290400?
True
Is 3 a factor of 39985?
False
Is 512 a factor of 7128569?
False
Is 703 a factor of 3347686?
True
Does 80 divide 20014?
False
Does 618 divide 10116042?
True
Does 38 divide 214510?
True
Is 1037278 a multiple of 22?
True
Does 44 divide 7006?
False
Does 25 divide 134875?
True
Does 21 divide 190050?
True
Is 5 a factor of 488205?
True
Is 10001 a multiple of 20?
False
Is 184 a factor of 244352?
True
Does 540 divide 111240?
True
Is 847 a factor of 3662551?
False
Is 357761 a multiple of 80?
False
Is 86 a factor of 2474908?
True
Is 135569 a multiple of 11?
False
Is 16 a factor of 2429083?
False
Is 888733 a multiple of 475?
False
Is 21 a factor of 712859?
False
Is 208 a factor of 604032?
True
Is 25 a factor of 351975?
True
Is 42471 a multiple of 11?
True
Is 228228 a multiple of 247?
True
Is 7 a factor of 165564?
True
Is 9 a factor of 20246?
False
Does 732 divide 1123620?
True
Does 34 divide 5331438?
True
Does 20 divide 16340?
True
Is 378755 a multiple of 5?
True
Is 12459330 a multiple of 234?
True
Is 120 a factor of 84349?
False
Does 72 divide 2880?
True
Does 2 divide 48195?
False
Is 1481353 a multiple of 35?
False
Does 16 divide 84209?
False
Does 9 divide 350989?
False
Is 32 a factor of 3026976?
True
Is 30976 a multiple of 256?
True
Does 230 divide 183131?
False
Is 255336 a multiple of 12?
True
Is 223126 a multiple of 58?
True
Is 17 a factor of 7039972?
True
Is 287 a factor of 582567?
False
Does 41 divide 6696366?
True
Does 20 divide 1772100?
True
Does 845 divide 7932962?
False
Is 37 a factor of 879887?
False
Is 422832 even?
True
Is 356 a factor of 1805632?
True
Does 142 divide 34243?
False
Does 35 divide 9975?
True
Is 135029 a multiple of 35?
False
Is 691 a factor of 8573237?
True
Is 1657019 a multiple of 7?
True
Does 139 divide 295653?
True
Is 53195 even?
False
Does 26 divide 5303064?
True
Does 80 divide 1411238?
False
Does 22 divide 11572?
True
Is 7326522 a multiple of 115?
False
Is 184605 a multiple of 93?
True
Is 132405 a multiple of 29?
False
Does 764 divide 1171654?
False
Is 49 a factor of 211626?
False
Does 10 divide 480428?
False
Does 18 divide 153915?
False
Is 549645 a multiple of 3?
True
Is 1381 a factor of 6222786?
True
Does 29 divide 6163911?
False
Does 21 divide 18727343?
False
Does 109 divide 41782?
False
Is 205 a factor of 165025?
True
Does 224 divide 165088?
True
Does 240 divide 72316?
False
Is 107412 a multiple of 362?
False
Does 28 divide 353836?
True
Is 466 a factor of 118101?
False
Does 23 divide 1462271?
True
Is 90022 a multiple of 19?
True
Is 15 a factor of 123270?
True
Does 6 divide 18084?
True
Does 291 divide 68177?
False
Is 67959 a multiple of 10?
False
Does 27 divide 99840?
False
Is 8 a factor of 629264?
True
Does 59 divide 376951?
True
Is 1236684 a multiple of 771?
True
Is 745779 a multiple of 15?
False
Does 12 divide 8321184?
True
Is 60 a factor of 